 11040 is divided by 165?
150
What is the remainder when 36310 is divided by 15?
10
Calculate the remainder when 4657 is divided by 96.
49
Calculate the remainder when 7659 is divided by 33.
3
What is the remainder when 428345 is divided by 17?
13
Calculate the remainder when 66706 is divided by 204.
202
Calculate the remainder when 31526 is divided by 15726.
74
What is the remainder when 2375 is divided by 238?
233
What is the remainder when 4398 is divided by 152?
142
Calculate the remainder when 3844 is divided by 348.
16
Calculate the remainder when 12549 is divided by 2488.
109
Calculate the remainder when 161621 is divided by 438.
437
What is the remainder when 3274 is divided by 172?
6
What is the remainder when 20841 is divided by 992?
9
Calculate the remainder when 8730 is divided by 28.
22
What is the remainder when 31694 is divided by 880?
14
What is the remainder when 167808 is divided by 55935?
3
Calculate the remainder when 455837 is divided by 112.
109
What is the remainder when 247820 is divided by 6?
2
What is the remainder when 30684 is divided by 30672?
12
Calculate the remainder when 7584 is divided by 889.
472
Calculate the remainder when 2136 is divided by 53.
16
Calculate the remainder when 36955 is divided by 142.
35
Calculate the remainder when 114409 is divided by 34.
33
What is the remainder when 276874 is divided by 58?
40
Calculate the remainder when 16789 is divided by 1905.
1549
Calculate the remainder when 1674 is divided by 1597.
77
What is the remainder when 487 is divided by 217?
53
What is the remainder when 1093 is divided by 36?
13
What is the remainder when 45198 is divided by 5?
3
Calculate the remainder when 6995 is divided by 165.
65
Calculate the remainder when 534639 is divided by 8.
7
What is the remainder when 455673 is divided by 381?
378
Calculate the remainder when 98798 is divided by 88.
62
Calculate the remainder when 6572 is divided by 1704.
1460
Calculate the remainder when 15920227 is divided by 166.
163
What is the remainder when 191027 is divided by 74?
33
What is the remainder when 6088 is divided by 435?
433
What is the remainder when 4719 is divided by 4706?
13
What is the remainder when 2167 is divided by 726?
715
What is the remainder when 16925 is divided by 750?
425
Calculate the remainder when 101787 is divided by 661.
654
What is the remainder when 425 is divided by 127?
44
What is the remainder when 421114 is divided by 57?
55
Calculate the remainder when 153798 is divided by 769.
767
Calculate the remainder when 9435 is divided by 88.
19
What is the remainder when 508141 is divided by 112?
109
What is the remainder when 150344 is divided by 75168?
8
Calculate the remainder when 938 is divided by 43.
35
Calculate the remainder when 2418 is divided by 121.
119
What is the remainder when 7061 is divided by 122?
107
What is the remainder when 85946 is divided by 214?
132
Calculate the remainder when 10867 is divided by 76.
75
Calculate the remainder when 3216 is divided by 44.
4
Calculate the remainder when 7243 is divided by 178.
123
What is the remainder when 21583 is divided by 63?
37
What is the remainder when 22729 is divided by 375?
229
Calculate the remainder when 36426 is divided by 246.
18
Calculate the remainder when 10051 is divided by 27.
7
What is the remainder when 8696 is divided by 675?
596
What is the remainder when 75427 is divided by 15085?
2
Calculate the remainder when 97255 is divided by 333.
19
Calculate the remainder when 20695 is divided by 300.
295
Calculate the remainder when 34535 is divided by 82.
13
What is the remainder when 83199 is divided by 42?
39
What is the remainder when 476005 is divided by 566?
565
What is the remainder when 1767 is divided by 264?
183
What is the remainder when 83919 is divided by 16?
15
Calculate the remainder when 47877 is divided by 327.
135
Calculate the remainder when 2425 is divided by 105.
10
Calculate the remainder when 176145 is divided by 233.
230
Calculate the remainder when 6811 is divided by 138.
49
What is the remainder when 5789 is divided by 2885?
19
What is the remainder when 77043 is divided by 1572?
15
Calculate the remainder when 1737 is divided by 312.
177
Calculate the remainder when 65613 is divided by 2117.
2103
What is the remainder when 14088 is divided by 2348?
0
What is the remainder when 21886 is divided by 5416?
222
Calculate the remainder when 403046 is divided by 57.
56
Calculate the remainder when 33384 is divided by 8337.
36
What is the remainder when 35549 is divided by 1269?
17
Calculate the remainder when 71702 is divided by 94.
74
What is the remainder when 1367 is divided by 673?
21
Calculate the remainder when 14104 is divided by 702.
64
Calculate the remainder when 2430 is divided by 42.
36
What is the remainder when 10654 is divided by 670?
604
What is the remainder when 43065 is divided by 444?
441
What is the remainder when 14467 is divided by 4783?
118
Calculate the remainder when 1659 is divided by 1627.
32
What is the remainder when 2369 is divided by 616?
521
What is the remainder when 10950 is divided by 1195?
195
Calculate the remainder when 649401 is divided by 756.
753
What is the remainder when 14912 is divided by 23?
8
What is the remainder when 940310 is divided by 676?
670
Calculate the remainder when 8327 is divided by 519.
23
Calculate the remainder when 19659 is divided by 4908.
27
Calculate the remainder when 5471 is divided by 543.
41
What is the remainder when 5372 is divided by 455?
367
Calculate the remainder when 1048503 is divided by 125.
3
Calculate the remainder when 1091016 is divided by 23.
11
What is the remainder when 400 is divided by 74?
30
Calculate the remainder when 60290 is divided by 77.
76
Calculate the remainder when 913 is divided by 112.
17
What is the remainder when 21401 is divided by 278?
273
What is the remainder when 4822 is divided by 527?
79
What is the remainder when 1880 is divided by 614?
38
Calculate the remainder when 3025 is divided by 121.
0
What is the remainder when 1055962 is divided by 364?
362
What is the remainder when 176759 is divided by 12?
11
What is the remainder when 445 is divided by 111?
1
Calculate the remainder when 27581 is divided by 6894.
5
What is the remainder when 7620 is divided by 1087?
11
What is the remainder when 1300 is divided by 152?
84
What is the remainder when 63004 is divided by 174?
16
Calculate the remainder when 117167 is divided by 1775.
17
Calculate the remainder when 3035 is divided by 20.
15
Calculate the remainder when 10789 is divided by 973.
86
Calculate the remainder when 17133 is divided by 153.
150
Calculate the remainder when 4508 is divided by 1348.
464
Calculate the remainder when 1579 is divided by 507.
58
Calculate the remainder when 13980654 is divided by 13.
12
Calculate the remainder when 230789 is divided by 210.
209
What is the remainder when 426304 is divided by 39?
34
What is the remainder when 178642 is divided by 405?
37
Calculate the remainder when 98269 is divided by 4465.
39
What is the remainder when 89992 is divided by 29989?
25
What is the remainder when 2688 is divided by 1058?
572
What is the remainder when 812559 is divided by 5?
4
What is the remainder when 68923 is divided by 51?
22
Calculate the remainder when 1859 is divided by 170.
159
Calculate the remainder when 4568 is divided by 13.
5
Calculate the remainder when 658368 is divided by 275.
18
Calculate the remainder when 39488 is divided by 33.
20
What is the remainder when 34044 is divided by 260?
244
What is the remainder when 3656898 is divided by 65?
63
Calculate the remainder when 40597 is divided by 5070.
37
What is the remainder when 305347 is divided by 50?
47
Calculate the remainder when 566348 is divided by 1242.
1238
What is the remainder when 37677 is divided by 1712?
13
Calculate the remainder when 63076 is divided by 63058.
18
What is the remainder when 6165 is divided by 24?
21
What is the remainder when 765 is divided by 90?
45
What is the remainder when 1207 is divided by 424?
359
What is the remainder when 1820 is divided by 486?
362
What is the remainder when 906 is divided by 100?
6
What is the remainder when 737830 is divided by 1374?
1366
What is the remainder when 69833 is di